{"id":6,"date":"2022-05-18T21:28:19","date_gmt":"2022-05-18T19:28:19","guid":{"rendered":"http:\/\/actionsciencejargeau.fr\/?page_id=6"},"modified":"2025-10-10T22:04:19","modified_gmt":"2025-10-10T20:04:19","slug":"accueil","status":"publish","type":"page","link":"https:\/\/actionsciencejargeau.fr\/","title":{"rendered":"Bienvenue sur le site d&rsquo;Action Science JARGEAU"},"content":{"rendered":"\t\t<div data-elementor-type=\"wp-page\" data-elementor-id=\"6\" class=\"elementor elementor-6\">\n\t\t\t\t\t\t<section class=\"elementor-section elementor-top-section elementor-element elementor-element-e76217a elementor-section-boxed elementor-section-height-default elementor-section-height-default\" data-id=\"e76217a\" data-element_type=\"section\" data-e-type=\"section\">\n\t\t\t\t\t\t<div class=\"elementor-container elementor-column-gap-default\">\n\t\t\t\t\t<div class=\"elementor-column elementor-col-100 elementor-top-column elementor-element elementor-element-ed2b6a2\" data-id=\"ed2b6a2\" data-element_type=\"column\" data-e-type=\"column\">\n\t\t\t<div class=\"elementor-widget-wrap elementor-element-populated\">\n\t\t\t\t\t\t<div class=\"elementor-element elementor-element-5a42799 elementor-widget-divider--view-line elementor-widget elementor-widget-divider\" data-id=\"5a42799\" data-element_type=\"widget\" data-e-type=\"widget\" data-widget_type=\"divider.default\">\n\t\t\t\t<div class=\"elementor-widget-container\">\n\t\t\t\t\t\t\t<div class=\"elementor-divider\">\n\t\t\t<span class=\"elementor-divider-separator\">\n\t\t\t\t\t\t<\/span>\n\t\t<\/div>\n\t\t\t\t\t\t<\/div>\n\t\t\t\t<\/div>\n\t\t\t\t<div class=\"elementor-element elementor-element-ce03e29 elementor-widget elementor-widget-heading\" data-id=\"ce03e29\" data-element_type=\"widget\" data-e-type=\"widget\" data-widget_type=\"heading.default\">\n\t\t\t\t<div class=\"elementor-widget-container\">\n\t\t\t\t\t<h1 class=\"elementor-heading-title elementor-size-default\">Bienvenue sur le site d'Action Science JARGEAU<\/h1>\t\t\t\t<\/div>\n\t\t\t\t<\/div>\n\t\t\t\t<div class=\"elementor-element elementor-element-1c3369f elementor-widget-divider--view-line elementor-widget elementor-widget-divider\" data-id=\"1c3369f\" data-element_type=\"widget\" data-e-type=\"widget\" data-widget_type=\"divider.default\">\n\t\t\t\t<div class=\"elementor-widget-container\">\n\t\t\t\t\t\t\t<div class=\"elementor-divider\">\n\t\t\t<span class=\"elementor-divider-separator\">\n\t\t\t\t\t\t<\/span>\n\t\t<\/div>\n\t\t\t\t\t\t<\/div>\n\t\t\t\t<\/div>\n\t\t\t\t\t<\/div>\n\t\t<\/div>\n\t\t\t\t\t<\/div>\n\t\t<\/section>\n\t\t\t\t<section class=\"elementor-section elementor-top-section elementor-element elementor-element-0c1cef6 elementor-section-boxed elementor-section-height-default elementor-section-height-default\" data-id=\"0c1cef6\" data-element_type=\"section\" data-e-type=\"section\" data-settings=\"{&quot;background_background&quot;:&quot;classic&quot;}\">\n\t\t\t\t\t\t<div class=\"elementor-container elementor-column-gap-default\">\n\t\t\t\t\t<div class=\"elementor-column elementor-col-100 elementor-top-column elementor-element elementor-element-bcc72a8\" data-id=\"bcc72a8\" data-element_type=\"column\" data-e-type=\"column\">\n\t\t\t<div class=\"elementor-widget-wrap elementor-element-populated\">\n\t\t\t\t\t\t<div class=\"elementor-element elementor-element-1d851e1 elementor-widget elementor-widget-heading\" data-id=\"1d851e1\" data-element_type=\"widget\" data-e-type=\"widget\" data-widget_type=\"heading.default\">\n\t\t\t\t<div class=\"elementor-widget-container\">\n\t\t\t\t\t<h1 class=\"elementor-heading-title elementor-size-default\"><br><br><br>Qui sommes nous?<br><br><br><\/h1>\t\t\t\t<\/div>\n\t\t\t\t<\/div>\n\t\t\t\t\t<\/div>\n\t\t<\/div>\n\t\t\t\t\t<\/div>\n\t\t<\/section>\n\t\t\t\t<section class=\"elementor-section elementor-top-section elementor-element elementor-element-c4850b3 elementor-section-boxed elementor-section-height-default elementor-section-height-default\" data-id=\"c4850b3\" data-element_type=\"section\" data-e-type=\"section\">\n\t\t\t\t\t\t<div class=\"elementor-container elementor-column-gap-default\">\n\t\t\t\t\t<div class=\"elementor-column elementor-col-66 elementor-top-column elementor-element elementor-element-fef9d0a\" data-id=\"fef9d0a\" data-element_type=\"column\" data-e-type=\"column\">\n\t\t\t<div class=\"elementor-widget-wrap elementor-element-populated\">\n\t\t\t\t\t\t<div class=\"elementor-element elementor-element-c7a618f elementor-widget elementor-widget-text-editor\" data-id=\"c7a618f\" data-element_type=\"widget\" data-e-type=\"widget\" data-widget_type=\"text-editor.default\">\n\t\t\t\t<div class=\"elementor-widget-container\">\n\t\t\t\t\t\t\t\t\t<p>Action Sciences est un groupe de scientifiques (et de non scientifiques) qui ont pour but d&rsquo;\u00e9veiller la curiosit\u00e9 scientifique et technique de tout public, notamment scolaire.<\/p><p>Le but est \u00e9videmment culturel et \u00e9ducatif, pour les petits et les grands.<\/p><p>Le leitmotiv sont les sciences et les technologies.<\/p><p>Les b\u00e9n\u00e9voles choisiront un th\u00e8me pour l&rsquo;ann\u00e9e \u00e0 venir, et un programme d&rsquo;ateliers sera \u00e9tabli. Le comit\u00e9 de pilotage a pour mission d&rsquo;orchestrer les interventions.<\/p>\t\t\t\t\t\t\t\t<\/div>\n\t\t\t\t<\/div>\n\t\t\t\t\t<\/div>\n\t\t<\/div>\n\t\t\t\t<div class=\"elementor-column elementor-col-33 elementor-top-column elementor-element elementor-element-0f8810d\" data-id=\"0f8810d\" data-element_type=\"column\" data-e-type=\"column\">\n\t\t\t<div class=\"elementor-widget-wrap elementor-element-populated\">\n\t\t\t\t\t\t<div class=\"elementor-element elementor-element-6474a50 elementor-widget elementor-widget-image\" data-id=\"6474a50\" data-element_type=\"widget\" data-e-type=\"widget\" data-widget_type=\"image.default\">\n\t\t\t\t<div class=\"elementor-widget-container\">\n\t\t\t\t\t\t\t\t\t\t\t\t\t\t\t<img fetchpriority=\"high\" decoding=\"async\" width=\"300\" height=\"300\" src=\"https:\/\/actionsciencejargeau.fr\/wp-content\/uploads\/2022\/07\/cropped-cropped-image-35-300x300.png\" class=\"attachment-medium size-medium wp-image-433\" alt=\"\" srcset=\"https:\/\/actionsciencejargeau.fr\/wp-content\/uploads\/2022\/07\/cropped-cropped-image-35-300x300.png 300w, https:\/\/actionsciencejargeau.fr\/wp-content\/uploads\/2022\/07\/cropped-cropped-image-35-1024x1024.png 1024w, https:\/\/actionsciencejargeau.fr\/wp-content\/uploads\/2022\/07\/cropped-cropped-image-35-150x150.png 150w, https:\/\/actionsciencejargeau.fr\/wp-content\/uploads\/2022\/07\/cropped-cropped-image-35-768x768.png 768w, https:\/\/actionsciencejargeau.fr\/wp-content\/uploads\/2022\/07\/cropped-cropped-image-35-1536x1536.png 1536w, https:\/\/actionsciencejargeau.fr\/wp-content\/uploads\/2022\/07\/cropped-cropped-image-35-600x600.png 600w, https:\/\/actionsciencejargeau.fr\/wp-content\/uploads\/2022\/07\/cropped-cropped-image-35.png 2000w\" sizes=\"(max-width: 300px) 100vw, 300px\" \/>\t\t\t\t\t\t\t\t\t\t\t\t\t\t\t<\/div>\n\t\t\t\t<\/div>\n\t\t\t\t\t<\/div>\n\t\t<\/div>\n\t\t\t\t\t<\/div>\n\t\t<\/section>\n\t\t\t\t<section class=\"elementor-section elementor-top-section elementor-element elementor-element-688a1fe elementor-section-boxed elementor-section-height-default elementor-section-height-default\" data-id=\"688a1fe\" data-element_type=\"section\" data-e-type=\"section\" data-settings=\"{&quot;background_background&quot;:&quot;classic&quot;}\">\n\t\t\t\t\t\t<div class=\"elementor-container elementor-column-gap-default\">\n\t\t\t\t\t<div class=\"elementor-column elementor-col-100 elementor-top-column elementor-element elementor-element-1275e88\" data-id=\"1275e88\" data-element_type=\"column\" data-e-type=\"column\">\n\t\t\t<div class=\"elementor-widget-wrap elementor-element-populated\">\n\t\t\t\t\t\t<div class=\"elementor-element elementor-element-885cda5 elementor-widget__width-inherit elementor-widget elementor-widget-heading\" data-id=\"885cda5\" data-element_type=\"widget\" data-e-type=\"widget\" data-widget_type=\"heading.default\">\n\t\t\t\t<div class=\"elementor-widget-container\">\n\t\t\t\t\t<h1 class=\"elementor-heading-title elementor-size-default\"><br><br><br>Nos \u00e9v\u00e8nements<br><br><br><\/h1>\t\t\t\t<\/div>\n\t\t\t\t<\/div>\n\t\t\t\t\t<\/div>\n\t\t<\/div>\n\t\t\t\t\t<\/div>\n\t\t<\/section>\n\t\t\t\t<section class=\"elementor-section elementor-top-section elementor-element elementor-element-dda7cc5 elementor-section-boxed elementor-section-height-default elementor-section-height-default\" data-id=\"dda7cc5\" data-element_type=\"section\" data-e-type=\"section\">\n\t\t\t\t\t\t<div class=\"elementor-container elementor-column-gap-default\">\n\t\t\t\t\t<div class=\"elementor-column elementor-col-100 elementor-top-column elementor-element elementor-element-338f71f\" data-id=\"338f71f\" data-element_type=\"column\" data-e-type=\"column\">\n\t\t\t<div class=\"elementor-widget-wrap elementor-element-populated\">\n\t\t\t\t\t\t<div class=\"elementor-element elementor-element-ac18623 elementor-hidden-desktop elementor-hidden-tablet elementor-hidden-mobile elementor-widget elementor-widget-tec_events_elementor_widget_event_calendar_link\" data-id=\"ac18623\" data-element_type=\"widget\" data-e-type=\"widget\" data-widget_type=\"tec_events_elementor_widget_event_calendar_link.default\">\n\t\t\t\t<div class=\"elementor-widget-container\">\n\t\t\t\t\t<p  class=\"tec-events-back\" >\n\t<a href=\"https:\/\/actionsciencejargeau.fr\/index.php\/events\/\" >&laquo; Tous les \u00c9v\u00e8nements<\/a>\n<\/p>\t\t\t\t<\/div>\n\t\t\t\t<\/div>\n\t\t\t\t<div class=\"elementor-element elementor-element-be6a444 elementor-widget elementor-widget-wp-widget-tribe-widget-events-list\" data-id=\"be6a444\" data-element_type=\"widget\" data-e-type=\"widget\" data-widget_type=\"wp-widget-tribe-widget-events-list.default\">\n\t\t\t\t<div class=\"elementor-widget-container\">\n\t\t\t\t\t<script data-js='tribe-events-view-nonce-data' type='application\/json'>{\"tvn1\":\"02b5678ac4\",\"tvn2\":\"\"}<\/script>\t\t\t\t<\/div>\n\t\t\t\t<\/div>\n\t\t\t\t\t<\/div>\n\t\t<\/div>\n\t\t\t\t\t<\/div>\n\t\t<\/section>\n\t\t\t\t<section class=\"elementor-section elementor-top-section elementor-element elementor-element-bcffebd elementor-section-boxed elementor-section-height-default elementor-section-height-default\" data-id=\"bcffebd\" data-element_type=\"section\" data-e-type=\"section\">\n\t\t\t\t\t\t<div class=\"elementor-container elementor-column-gap-default\">\n\t\t\t\t\t<div class=\"elementor-column elementor-col-100 elementor-top-column elementor-element elementor-element-7862cc8\" data-id=\"7862cc8\" data-element_type=\"column\" data-e-type=\"column\">\n\t\t\t<div class=\"elementor-widget-wrap elementor-element-populated\">\n\t\t\t\t\t\t<section class=\"elementor-section elementor-inner-section elementor-element elementor-element-d616ad0 elementor-section-boxed elementor-section-height-default elementor-section-height-default\" data-id=\"d616ad0\" data-element_type=\"section\" data-e-type=\"section\">\n\t\t\t\t\t\t<div class=\"elementor-container elementor-column-gap-default\">\n\t\t\t\t\t<div class=\"elementor-column elementor-col-50 elementor-inner-column elementor-element elementor-element-25bb7b3\" data-id=\"25bb7b3\" data-element_type=\"column\" data-e-type=\"column\">\n\t\t\t<div class=\"elementor-widget-wrap elementor-element-populated\">\n\t\t\t\t\t\t<div class=\"elementor-element elementor-element-3c7a60c elementor-widget__width-initial elementor-widget elementor-widget-image\" data-id=\"3c7a60c\" data-element_type=\"widget\" data-e-type=\"widget\" data-widget_type=\"image.default\">\n\t\t\t\t<div class=\"elementor-widget-container\">\n\t\t\t\t\t\t\t\t\t\t\t\t\t\t\t<img decoding=\"async\" width=\"724\" height=\"1024\" src=\"https:\/\/actionsciencejargeau.fr\/wp-content\/uploads\/2025\/10\/image-724x1024.jpeg\" class=\"attachment-large size-large wp-image-867\" alt=\"\" srcset=\"https:\/\/actionsciencejargeau.fr\/wp-content\/uploads\/2025\/10\/image-724x1024.jpeg 724w, https:\/\/actionsciencejargeau.fr\/wp-content\/uploads\/2025\/10\/image-212x300.jpeg 212w, https:\/\/actionsciencejargeau.fr\/wp-content\/uploads\/2025\/10\/image-768x1086.jpeg 768w, https:\/\/actionsciencejargeau.fr\/wp-content\/uploads\/2025\/10\/image-1086x1536.jpeg 1086w, https:\/\/actionsciencejargeau.fr\/wp-content\/uploads\/2025\/10\/image.jpeg 1414w\" sizes=\"(max-width: 724px) 100vw, 724px\" \/>\t\t\t\t\t\t\t\t\t\t\t\t\t\t\t<\/div>\n\t\t\t\t<\/div>\n\t\t\t\t\t<\/div>\n\t\t<\/div>\n\t\t\t\t<div class=\"elementor-column elementor-col-50 elementor-inner-column elementor-element elementor-element-cb7c33a\" data-id=\"cb7c33a\" data-element_type=\"column\" data-e-type=\"column\">\n\t\t\t<div class=\"elementor-widget-wrap elementor-element-populated\">\n\t\t\t\t\t\t<div class=\"elementor-element elementor-element-786f85d elementor-widget elementor-widget-text-editor\" data-id=\"786f85d\" data-element_type=\"widget\" data-e-type=\"widget\" data-widget_type=\"text-editor.default\">\n\t\t\t\t<div class=\"elementor-widget-container\">\n\t\t\t\t\t\t\t\t\t<p>Le samedi 11 octobre, la f\u00eate de la science investit la halle \u00e0 Jargeau.<\/p>\n<p>Des animations auront lieu toute la journ\u00e9e, de 10 h \u00e0 18 h avec :<\/p>\n<p>&#8211; Action Sciences Jargeau : nous parlerons d&rsquo;intelligences collectives<\/p>\n<p>&#8211; Infolabo : \u00e9lectronique.- impression 3D<\/p>\n<p>&#8211; Maison de Loire : pour des animations autour de la Loire.<\/p>\n<p>L&rsquo;entr\u00e9e est gratuite et nous accueillons tout public.<\/p>\t\t\t\t\t\t\t\t<\/div>\n\t\t\t\t<\/div>\n\t\t\t\t\t<\/div>\n\t\t<\/div>\n\t\t\t\t\t<\/div>\n\t\t<\/section>\n\t\t\t\t\t<\/div>\n\t\t<\/div>\n\t\t\t\t\t<\/div>\n\t\t<\/section>\n\t\t\t\t<\/div>\n\t\t","protected":false},"excerpt":{"rendered":"<p>Bienvenue sur le site d&rsquo;Action Science JARGEAU Qui sommes nous? Action Sciences est un groupe de scientifiques (et de non scientifiques) qui ont pour but d&rsquo;\u00e9veiller la curiosit\u00e9 scientifique et [&hellip;]<\/p>\n","protected":false},"author":1,"featured_media":0,"parent":0,"menu_order":0,"comment_status":"closed","ping_status":"closed","template":"","meta":{"footnotes":""},"class_list":["post-6","page","type-page","status-publish","hentry","entry"],"_links":{"self":[{"href":"https:\/\/actionsciencejargeau.fr\/index.php\/wp-json\/wp\/v2\/pages\/6","targetHints":{"allow":["GET"]}}],"collection":[{"href":"https:\/\/actionsciencejargeau.fr\/index.php\/wp-json\/wp\/v2\/pages"}],"about":[{"href":"https:\/\/actionsciencejargeau.fr\/index.php\/wp-json\/wp\/v2\/types\/page"}],"author":[{"embeddable":true,"href":"https:\/\/actionsciencejargeau.fr\/index.php\/wp-json\/wp\/v2\/users\/1"}],"replies":[{"embeddable":true,"href":"https:\/\/actionsciencejargeau.fr\/index.php\/wp-json\/wp\/v2\/comments?post=6"}],"version-history":[{"count":14,"href":"https:\/\/actionsciencejargeau.fr\/index.php\/wp-json\/wp\/v2\/pages\/6\/revisions"}],"predecessor-version":[{"id":873,"href":"https:\/\/actionsciencejargeau.fr\/index.php\/wp-json\/wp\/v2\/pages\/6\/revisions\/873"}],"wp:attachment":[{"href":"https:\/\/actionsciencejargeau.fr\/index.php\/wp-json\/wp\/v2\/media?parent=6"}],"curies":[{"name":"wp","href":"https:\/\/api.w.org\/{rel}","templated":true}]}}